1 is divided by 42?
19
What is the remainder when 589 is divided by 33?
28
What is the remainder when 418 is divided by 352?
66
What is the remainder when 696 is divided by 62?
14
What is the remainder when 401 is divided by 68?
61
Calculate the remainder when 1063 is divided by 133.
132
Calculate the remainder when 1762 is divided by 42.
40
What is the remainder when 1099 is divided by 38?
35
Calculate the remainder when 106 is divided by 27.
25
Calculate the remainder when 2988 is divided by 46.
44
Calculate the remainder when 494 is divided by 183.
128
Calculate the remainder when 789 is divided by 44.
41
What is the remainder when 5673 is divided by 33?
30
Calculate the remainder when 1913 is divided by 16.
9
What is the remainder when 737 is divided by 736?
1
What is the remainder when 154 is divided by 46?
16
What is the remainder when 1639 is divided by 12?
7
Calculate the remainder when 97 is divided by 87.
10
What is the remainder when 823 is divided by 55?
53
What is the remainder when 2618 is divided by 27?
26
What is the remainder when 138 is divided by 7?
5
What is the remainder when 223 is divided by 8?
7
What is the remainder when 15 is divided by 12?
3
Calculate the remainder when 282 is divided by 36.
30
What is the remainder when 89 is divided by 45?
44
Calculate the remainder when 852 is divided by 97.
76
What is the remainder when 151 is divided by 40?
31
What is the remainder when 6826 is divided by 253?
248
What is the remainder when 347 is divided by 25?
22
Calculate the remainder when 964 is divided by 138.
136
What is the remainder when 21 is divided by 8?
5
What is the remainder when 514 is divided by 100?
14
Calculate the remainder when 203 is divided by 78.
47
What is the remainder when 1175 is divided by 28?
27
What is the remainder when 94 is divided by 51?
43
What is the remainder when 478 is divided by 127?
97
What is the remainder when 127 is divided by 8?
7
Calculate the remainder when 284 is divided by 180.
104
What is the remainder when 111 is divided by 23?
19
Calculate the remainder when 5 is divided by 5.
0
Calculate the remainder when 183 is divided by 61.
0
Calculate the remainder when 1430 is divided by 120.
110
Calculate the remainder when 294 is divided by 81.
51
Calculate the remainder when 8870 is divided by 87.
83
What is the remainder when 1925 is divided by 84?
77
What is the remainder when 94 is divided by 32?
30
What is the remainder when 338 is divided by 17?
15
Calculate the remainder when 3191 is divided by 103.
101
What is the remainder when 1487 is divided by 9?
2
What is the remainder when 227 is divided by 227?
0
What is the remainder when 35 is divided by 33?
2
Calculate the remainder when 609 is divided by 13.
11
Calculate the remainder when 656 is divided by 23.
12
What is the remainder when 45 is divided by 22?
1
What is the remainder when 214 is divided by 18?
16
Calculate the remainder when 10951 is divided by 74.
73
Calculate the remainder when 32 is divided by 19.
13
What is the remainder when 125 is divided by 35?
20
What is the remainder when 245 is divided by 31?
28
What is the remainder when 109 is divided by 3?
1
What is the remainder when 1940 is divided by 213?
23
Calculate the remainder when 393 is divided by 22.
19
What is the remainder when 3573 is divided by 13?
11
Calculate the remainder when 344 is divided by 26.
6
What is the remainder when 736 is divided by 242?
10
What is the remainder when 512 is divided by 7?
1
Calculate the remainder when 888 is divided by 292.
12
What is the remainder when 75 is divided by 26?
23
Calculate the remainder when 848 is divided by 117.
29
Calculate the remainder when 573 is divided by 7.
6
What is the remainder when 87 is divided by 53?
34
What is the remainder when 86 is divided by 25?
11
Calculate the remainder when 921 is divided by 157.
136
Calculate the remainder when 87 is divided by 65.
22
Calculate the remainder when 27 is divided by 9.
0
What is the remainder when 348 is divided by 125?
98
Calculate the remainder when 951 is divided by 53.
50
What is the remainder when 606 is divided by 38?
36
What is the remainder when 332 is divided by 67?
64
Calculate the remainder when 395 is divided by 16.
11
Calculate the remainder when 325 is divided by 143.
39
Calculate the remainder when 427 is divided by 47.
4
Calculate the remainder when 119 is divided by 46.
27
Calculate the remainder when 984 is divided by 19.
15
What is the remainder when 690 is divided by 21?
18
Calculate the remainder when 452 is divided by 85.
27
What is the remainder when 200 is divided by 47?
12
Calculate the remainder when 2447 is divided by 34.
33
Calculate the remainder when 75 is divided by 7.
5
Calculate the remainder when 127 is divided by 19.
13
What is the remainder when 4480 is divided by 38?
34
Calculate the remainder when 158 is divided by 16.
14
Calculate the remainder when 1781 is divided by 51.
47
What is the remainder when 640 is divided by 99?
46
Calculate the remainder when 296 is divided by 23.
20
What is the remainder when 3019 is divided by 144?
139
Calculate the remainder when 337 is divided by 60.
37
What is the remainder when 781 is divided by 87?
85
What is the remainder when 206 is divided by 26?
24
What is the remainder when 736 is divided by 18?
16
What is the remainder when 88 is divided by 58?
30
What is the remainder when 2120 is divided by 120?
80
Calculate the remainder when 29 is divided by 2.
1
What is the remainder when 481 is divided by 199?
83
Calculate the remainder when 144 is divided by 21.
18
What is the remainder when 416 is divided by 11?
9
Calculate the remainder when 42 is divided by 23.
19
What is the remainder when 240 is divided by 150?
90
What is the remainder when 33 is divided by 6?
3
What is the remainder when 36 is divided by 29?
7
What is the remainder when 120 is divided by 28?
8
Calculate the remainder when 121 is divided by 53.
15
Calculate the remainder when 419 is divided by 66.
23
What is the remainder when 514 is divided by 14?
10
What is the remainder when 844 is divided by 49?
11
What is the remainder when 497 is divided by 82?
5
What is the remainder when 50 is divided by 12?
2
Calculate the remainder when 1489 is divided by 343.
117
Calculate the remainder when 258 is divided by 29.
26
Calculate the remainder when 152 is divided by 27.
17
What is the remainder when 14584 is divided by 78?
76
Calculate the remainder when 89 is divided by 63.
26
Calculate the remainder when 219 is divided by 11.
10
What is the remainder when 550 is divided by 70?
60
Calculate the remainder when 13534 is divided by 16.
14
What is the remainder when 303 is divided by 8?
7
What is the remainder when 7183 is divided by 25?
8
Calculate the remainder when 1417 is divided by 706.
5
What is the remainder when 6239 is divided by 60?
59
Calculate the remainder when 12 is divided by 9.
3
Calculate the remainder when 163 is divided by 74.
15
Calculate the remainder when 53 is divided by 30.
23
What is the remainder when 1209 is divided by 135?
129
What is the remainder when 345 is divided by 70?
65
Calculate the remainder when 836 is divided by 333.
170
What is the remainder when 350 is divided by 49?
7
Calculate the remainder when 773 is divided by 248.
29
Calculate the remainder when 255 is divided by 90.
75
What is the remainder when 284 is divided by 11?
9
Calculate the remainder when 60 is divided by 31.
29
What is the remainder when 585 is divided by 14?
11
Calculate the remainder when 49 is divided by 11.
5
What is the remainder when 2339 is divided by 51?
44
What is the remainder when 16378 is divided by 84?
82
What is the remainder when 107 is divided by 15?
2
What is the remainder when 77 is divided by 13?
12
Calculate the remainder when 676 is divided by 247.
182
Calculate the remainder when 8737 is divided by 115.
112
What is the remainder when 1831 is divided by 13?
11
Calculate the remainder when 102 is divided by 30.
12
What is the remainder when 241 is divided by 11?
10
What is the remainder when 120 is divided by 18?
12
Calculate the remainder when 302 is divided by 138.
26
Calculate the remainder when 2589 is divided by 35.
34
Calculate the remainder when 47 is divided by 32.
15
What is the remain